{"id":56,"date":"2020-09-17T10:31:27","date_gmt":"2020-09-17T14:31:27","guid":{"rendered":"https:\/\/merici-support-bbh9hxd2a5c5g8c9.canadacentral-01.azurewebsites.net\/?page_id=56"},"modified":"2021-10-06T13:16:58","modified_gmt":"2021-10-06T17:16:58","slug":"antidote-web","status":"publish","type":"page","link":"https:\/\/support.merici.ca\/?page_id=56","title":{"rendered":"Antidote"},"content":{"rendered":"\n<div class=\"wp-block-image\"><figure class=\"aligncenter size-large is-resized\"><img loading=\"lazy\" decoding=\"async\" src=\"https:\/\/merici-support-bbh9hxd2a5c5g8c9.canadacentral-01.azurewebsites.net\/wp-content\/uploads\/2020\/09\/logo_antidote.png\" alt=\"\" class=\"wp-image-105\" width=\"146\" height=\"233\" srcset=\"https:\/\/support.merici.ca\/wp-content\/uploads\/2020\/09\/logo_antidote.png 303w, https:\/\/support.merici.ca\/wp-content\/uploads\/2020\/09\/logo_antidote-188x300.png 188w\" sizes=\"auto, (max-width: 146px) 100vw, 146px\" \/><\/figure><\/div>\n\n\n\n<p class=\"has-text-align-center\" style=\"font-size:36px\"><strong>Antidote (web) :<\/strong> <\/p>\n\n\n\n<p class=\"has-text-align-center has-primary-color has-text-color\" style=\"font-size:31px\">Note : Tous les comptes sont remis \u00e0 neuf  au d\u00e9but de chaque session.<\/p>\n\n\n\n<p class=\"has-text-align-center has-primary-color has-text-color\" style=\"font-size:31px\">Pour avoir acc\u00e8s \u00e0 Antidote Web, une demande doit \u00eatre faite au service informatique du coll\u00e8ge par courriel  \u00e0 support@merici.ca en incluant votre num\u00e9ro d&rsquo;\u00e9tudiant (DA) et votre nom.<\/p>\n\n\n\n<p class=\"has-text-align-center has-primary-color has-text-color\" style=\"font-size:31px\">Suite \u00e0 la confirmation du service informatique que votre demande a \u00e9t\u00e9 trait\u00e9e, vous devez suivre la proc\u00e9dure suivante.<\/p>\n\n\n\n<p class=\"has-text-align-center\">Si votre compte est d\u00e9j\u00e0 activ\u00e9, cliquez sur le lien suivant pour vous y connecter.<\/p>\n\n\n\n<div class=\"wp-block-buttons is-content-justification-center is-layout-flex wp-block-buttons-is-layout-flex\">\n<div class=\"wp-block-button\"><a class=\"wp-block-button__link has-background-color has-text-color has-background\" href=\"https:\/\/services.druide.com\/\" style=\"background-color:#0091f8\" target=\"_blank\" rel=\"noreferrer noopener\">ANTIDOTE WEB<\/a><\/div>\n<\/div>\n\n\n\n<hr class=\"wp-block-separator\"\/>\n\n\n\n<p class=\"has-text-align-center\" style=\"font-size:36px\"><strong>Activation<\/strong><\/p>\n\n\n\n<ul class=\"wp-block-list\"><li><strong>Un courriel d&rsquo;activation a \u00e9t\u00e9 envoy\u00e9 \u00e0 votre compte @merici.ca.<\/strong> <strong>Pour y acc\u00e9der r\u00e9f\u00e9rez-vous \u00e0 la section suivante en cliquant sur le bouton.<\/strong><\/li><\/ul>\n\n\n\n<div class=\"wp-block-buttons is-content-justification-center is-layout-flex wp-block-buttons-is-layout-flex\">\n<div class=\"wp-block-button\"><a class=\"wp-block-button__link has-background\" href=\"https:\/\/merici-support-bbh9hxd2a5c5g8c9.canadacentral-01.azurewebsites.net\/?page_id=226\" style=\"background-color:#0091f8\" target=\"_blank\" rel=\"noreferrer noopener\">COURRIEL @merici.ca<\/a><\/div>\n<\/div>\n\n\n\n<ul class=\"wp-block-list\"><li><strong>Une fois dans votre bo<\/strong>\u00ee<strong>te courriel, vous devriez apercevoir le courriel d&rsquo;activation d&rsquo;Antidote (voir image ci-dessous)<\/strong><\/li><\/ul>\n\n\n\n<div class=\"wp-block-image\"><figure class=\"aligncenter size-large\"><img loading=\"lazy\" decoding=\"async\" width=\"560\" height=\"392\" src=\"https:\/\/merici-support-bbh9hxd2a5c5g8c9.canadacentral-01.azurewebsites.net\/wp-content\/uploads\/2020\/09\/03-boite-de-reception.png\" alt=\"\" class=\"wp-image-236\" srcset=\"https:\/\/support.merici.ca\/wp-content\/uploads\/2020\/09\/03-boite-de-reception.png 560w, https:\/\/support.merici.ca\/wp-content\/uploads\/2020\/09\/03-boite-de-reception-300x210.png 300w\" sizes=\"auto, (max-width: 560px) 100vw, 560px\" \/><\/figure><\/div>\n\n\n\n<hr class=\"wp-block-separator\"\/>\n\n\n\n<ul class=\"wp-block-list\"><li><strong>\u00c0 l&rsquo;int\u00e9rieur de ce courriel se trouve un lien cliquable pour activer votre Antidote Web. (voir image ci-dessous)<\/strong><\/li><\/ul>\n\n\n\n<div class=\"wp-block-image\"><figure class=\"aligncenter size-large\"><img loading=\"lazy\" decoding=\"async\" width=\"582\" height=\"740\" src=\"https:\/\/merici-support-bbh9hxd2a5c5g8c9.canadacentral-01.azurewebsites.net\/wp-content\/uploads\/2020\/09\/04-courriel.png\" alt=\"\" class=\"wp-image-237\" srcset=\"https:\/\/support.merici.ca\/wp-content\/uploads\/2020\/09\/04-courriel.png 582w, https:\/\/support.merici.ca\/wp-content\/uploads\/2020\/09\/04-courriel-236x300.png 236w\" sizes=\"auto, (max-width: 582px) 100vw, 582px\" \/><\/figure><\/div>\n\n\n\n<hr class=\"wp-block-separator\"\/>\n\n\n\n<ul class=\"wp-block-list\"><li><strong>Une fois le lien cliqu\u00e9, vous serez invit\u00e9 \u00e0 vous choisir un mot de passe.<\/strong><\/li><li><strong>Une fois choisi, cocher les deux cases et cliquez sur ENREGISTRER<\/strong><\/li><li><strong> (voir image ci-dessous)<\/strong><\/li><\/ul>\n\n\n\n<div class=\"wp-block-image\"><figure class=\"aligncenter size-full\"><img loading=\"lazy\" decoding=\"async\" width=\"465\" height=\"529\" src=\"https:\/\/merici-support-bbh9hxd2a5c5g8c9.canadacentral-01.azurewebsites.net\/wp-content\/uploads\/2021\/10\/Antidote.png\" alt=\"\" class=\"wp-image-480\" srcset=\"https:\/\/support.merici.ca\/wp-content\/uploads\/2021\/10\/Antidote.png 465w, https:\/\/support.merici.ca\/wp-content\/uploads\/2021\/10\/Antidote-264x300.png 264w\" sizes=\"auto, (max-width: 465px) 100vw, 465px\" \/><\/figure><\/div>\n\n\n\n<p><\/p>\n\n\n\n<p><\/p>\n\n\n\n<p class=\"has-text-align-center\" style=\"font-size:36px\"><strong>Antidote (logiciel) :<\/strong><\/p>\n\n\n\n<p style=\"font-size:25px\">&#8211; Si vous d\u00e9sirez utiliser la version Logiciel avec l&rsquo;int\u00e9gration de la suite Office, vous devez passer par le bureau virtuel (<a href=\"https:\/\/merici-support-bbh9hxd2a5c5g8c9.canadacentral-01.azurewebsites.net\/?page_id=32\">VDI<\/a>).<\/p>\n","protected":false},"excerpt":{"rendered":"<p>Antidote (web) : Note : Tous les comptes sont remis \u00e0 neuf au d\u00e9but de chaque session. Pour avoir acc\u00e8s \u00e0 Antidote Web, une demande doit \u00eatre faite au service informatique du coll\u00e8ge par courriel \u00e0 support@merici.ca en incluant votre num\u00e9ro d&rsquo;\u00e9tudiant (DA) et votre nom. Suite \u00e0 la confirmation du service informatique que votre [&hellip;]<\/p>\n","protected":false},"author":1,"featured_media":0,"parent":0,"menu_order":0,"comment_status":"closed","ping_status":"closed","template":"templates\/template-full-width.php","meta":{"footnotes":""},"class_list":["post-56","page","type-page","status-publish","hentry"],"_links":{"self":[{"href":"https:\/\/support.merici.ca\/index.php?rest_route=\/wp\/v2\/pages\/56","targetHints":{"allow":["GET"]}}],"collection":[{"href":"https:\/\/support.merici.ca\/index.php?rest_route=\/wp\/v2\/pages"}],"about":[{"href":"https:\/\/support.merici.ca\/index.php?rest_route=\/wp\/v2\/types\/page"}],"author":[{"embeddable":true,"href":"https:\/\/support.merici.ca\/index.php?rest_route=\/wp\/v2\/users\/1"}],"replies":[{"embeddable":true,"href":"https:\/\/support.merici.ca\/index.php?rest_route=%2Fwp%2Fv2%2Fcomments&post=56"}],"version-history":[{"count":28,"href":"https:\/\/support.merici.ca\/index.php?rest_route=\/wp\/v2\/pages\/56\/revisions"}],"predecessor-version":[{"id":740,"href":"https:\/\/support.merici.ca\/index.php?rest_route=\/wp\/v2\/pages\/56\/revisions\/740"}],"wp:attachment":[{"href":"https:\/\/support.merici.ca\/index.php?rest_route=%2Fwp%2Fv2%2Fmedia&parent=56"}],"curies":[{"name":"wp","href":"https:\/\/api.w.org\/{rel}","templated":true}]}}