{"id":555,"date":"2022-04-26T12:51:24","date_gmt":"2022-04-26T16:51:24","guid":{"rendered":"https:\/\/merici-support-bbh9hxd2a5c5g8c9.canadacentral-01.azurewebsites.net\/?page_id=555"},"modified":"2022-04-26T15:48:56","modified_gmt":"2022-04-26T19:48:56","slug":"comment-signaler-un-message","status":"publish","type":"page","link":"https:\/\/support.merici.ca\/?page_id=555","title":{"rendered":"Comment signaler un message"},"content":{"rendered":"\n<figure class=\"wp-block-image size-full is-resized\"><img loading=\"lazy\" decoding=\"async\" src=\"https:\/\/merici-support-bbh9hxd2a5c5g8c9.canadacentral-01.azurewebsites.net\/wp-content\/uploads\/2022\/04\/custombug-outlook-2.jpg\" alt=\"\" class=\"wp-image-593\" width=\"402\" height=\"354\" srcset=\"https:\/\/support.merici.ca\/wp-content\/uploads\/2022\/04\/custombug-outlook-2.jpg 812w, https:\/\/support.merici.ca\/wp-content\/uploads\/2022\/04\/custombug-outlook-2-300x265.jpg 300w, https:\/\/support.merici.ca\/wp-content\/uploads\/2022\/04\/custombug-outlook-2-768x677.jpg 768w\" sizes=\"auto, (max-width: 402px) 100vw, 402px\" \/><\/figure>\n\n\n\n<h2 class=\"wp-block-heading\"><strong>Nouveaut\u00e9<\/strong><\/h2>\n\n\n\n<div class=\"wp-block-group\"><div class=\"wp-block-group__inner-container is-layout-flow wp-block-group-is-layout-flow\">\n<p>Le service des TI a le plaisir de vous pr\u00e9senter une nouvelle fonctionnalit\u00e9 de s\u00e9curit\u00e9 dans votre Outlook. Vous pouvez maintenant nous aider \u00e0 mieux prot\u00e9ger l\u2019organisation en signalant les messages ind\u00e9sirables qui sont pass\u00e9s \u00e0 travers les mailles du filet.<br><\/p>\n<\/div><\/div>\n\n\n\n<h2 class=\"wp-block-heading\">Com<strong>ment signaler un message&nbsp;<\/strong><\/h2>\n\n\n\n<p>Si vous s\u00e9lectionnez le <strong>bouton Message<\/strong> de rapport sur le ruban, plusieurs options s\u2019offrent \u00e0 vous.&nbsp;<\/p>\n\n\n\n<figure class=\"wp-block-image size-full\"><img loading=\"lazy\" decoding=\"async\" width=\"503\" height=\"428\" src=\"https:\/\/merici-support-bbh9hxd2a5c5g8c9.canadacentral-01.azurewebsites.net\/wp-content\/uploads\/2022\/04\/1.jpg\" alt=\"\" class=\"wp-image-556\" srcset=\"https:\/\/support.merici.ca\/wp-content\/uploads\/2022\/04\/1.jpg 503w, https:\/\/support.merici.ca\/wp-content\/uploads\/2022\/04\/1-300x255.jpg 300w\" sizes=\"auto, (max-width: 503px) 100vw, 503px\" \/><\/figure>\n\n\n\n<figure class=\"wp-block-image size-full\"><img loading=\"lazy\" decoding=\"async\" width=\"223\" height=\"224\" src=\"https:\/\/merici-support-bbh9hxd2a5c5g8c9.canadacentral-01.azurewebsites.net\/wp-content\/uploads\/2022\/04\/2.jpg\" alt=\"\" class=\"wp-image-557\" srcset=\"https:\/\/support.merici.ca\/wp-content\/uploads\/2022\/04\/2.jpg 223w, https:\/\/support.merici.ca\/wp-content\/uploads\/2022\/04\/2-150x150.jpg 150w\" sizes=\"auto, (max-width: 223px) 100vw, 223px\" \/><\/figure>\n\n\n\n<p><strong>( en version web )<\/strong><\/p>\n\n\n\n<figure class=\"wp-block-image size-full\"><img loading=\"lazy\" decoding=\"async\" width=\"352\" height=\"309\" src=\"https:\/\/merici-support-bbh9hxd2a5c5g8c9.canadacentral-01.azurewebsites.net\/wp-content\/uploads\/2022\/04\/3.jpg\" alt=\"\" class=\"wp-image-558\" srcset=\"https:\/\/support.merici.ca\/wp-content\/uploads\/2022\/04\/3.jpg 352w, https:\/\/support.merici.ca\/wp-content\/uploads\/2022\/04\/3-300x263.jpg 300w\" sizes=\"auto, (max-width: 352px) 100vw, 352px\" \/><\/figure>\n\n\n\n<p><br>En choisissant <strong>Courrier ind\u00e9sirable<\/strong>, <strong>Hame\u00e7onnage<\/strong> ou <strong>Courrier non ind\u00e9sirable<\/strong>, vous avez la possibilit\u00e9 d\u2019envoyer une copie du message \u00e0 Microsoft, ainsi que votre classification du message.<\/p>\n\n\n\n<div class=\"wp-block-columns is-layout-flex wp-container-core-columns-is-layout-9d6595d7 wp-block-columns-is-layout-flex\">\n<div class=\"wp-block-column is-vertically-aligned-top is-layout-flow wp-block-column-is-layout-flow\" style=\"flex-basis:20%\">\n<figure class=\"wp-block-image size-full is-resized\"><img loading=\"lazy\" decoding=\"async\" src=\"https:\/\/merici-support-bbh9hxd2a5c5g8c9.canadacentral-01.azurewebsites.net\/wp-content\/uploads\/2022\/04\/4.jpg\" alt=\"\" class=\"wp-image-559\" width=\"225\" height=\"420\" srcset=\"https:\/\/support.merici.ca\/wp-content\/uploads\/2022\/04\/4.jpg 298w, https:\/\/support.merici.ca\/wp-content\/uploads\/2022\/04\/4-161x300.jpg 161w\" sizes=\"auto, (max-width: 225px) 100vw, 225px\" \/><\/figure>\n\n\n\n<p><\/p>\n<\/div>\n\n\n\n<div class=\"wp-block-column is-layout-flow wp-block-column-is-layout-flow\" style=\"flex-basis:80%\">\n<p><strong><u>Ce faisant, si suffisamment d\u2019employ\u00e9s signalent une tentative d\u2019hame\u00e7onnage, le courriel signal\u00e9 sera automatiquement enlev\u00e9 de toutes les bo\u00eetes du personnel qui n\u2019ont pas encore lu le message.<\/u><\/strong><br><\/p>\n\n\n\n<h2 class=\"wp-block-heading\">Informations compl\u00e9mentaires<\/h2>\n\n\n\n<p><strong>Qu\u2019est-ce que le courrier ind\u00e9sirable ?<\/strong><\/p>\n\n\n\n<p>Les messages ind\u00e9sirables sont g\u00e9n\u00e9ralement appel\u00e9s courrier ind\u00e9sirable. Voici des messages que vous ne souhaitez pas recevoir et qui peuvent \u00eatre des produits publicitaires que vous n\u2019utilisez pas ou que vous ne trouvez pas choquants. Si vous choisissez l\u2019option <strong>Courrier ind\u00e9sirable<\/strong>, une copie du message peut \u00eatre envoy\u00e9e \u00e0 Microsoft pour mettre \u00e0 jour nos filtres de courrier ind\u00e9sirable et le message sera d\u00e9plac\u00e9 de votre bo\u00eete de r\u00e9ception vers votre dossier Courrier ind\u00e9sirable.&nbsp;<\/p>\n\n\n\n<p><strong>Qu\u2019est-ce que l\u2019hame\u00e7onnage (phishing) ?<\/strong><\/p>\n\n\n\n<p>L&rsquo;hame\u00e7onnage est une pratique qui vous permet de r\u00e9v\u00e9ler des informations personnelles, telles que des num\u00e9ros de compte bancaire et des mots de passe. Les messages de phishing ont souvent l\u2019air l\u00e9gitimes, mais ils ont des liens trompeurs qui ouvrent r\u00e9ellement des sites web falsifi\u00e9s. Si vous s\u00e9lectionnez <strong>Hame\u00e7onnage, <\/strong>une copie de votre message peut \u00eatre envoy\u00e9e \u00e0 Microsoft pour vous aider \u00e0 mettre \u00e0 jour nos filtres, et le message sera d\u00e9plac\u00e9 de votre bo\u00eete de r\u00e9ception vers votre dossier Courrier ind\u00e9sirable.&nbsp;<\/p>\n\n\n\n<p><strong>Qu\u2019est-ce qu\u2019un courrier \u00e9lectronique l\u00e9gitime ? <\/strong><\/p>\n\n\n\n<p>Si vous connaissez l\u2019exp\u00e9diteur et que vous attendez du message, ou si vous recevez un message marqu\u00e9 par erreur comme courrier ind\u00e9sirable, vous pouvez utiliser le module anti-courrier ind\u00e9sirable pour marquer le message comme <strong>n\u2019\u00e9tant pas ind\u00e9sirable.<\/strong> Cette mesure d\u00e9place le message du dossier Courrier ind\u00e9sirable vers votre bo\u00eete de r\u00e9ception.\u00a0<\/p>\n<\/div>\n<\/div>\n\n\n\n<p><\/p>\n","protected":false},"excerpt":{"rendered":"<p>Nouveaut\u00e9 Le service des TI a le plaisir de vous pr\u00e9senter une nouvelle fonctionnalit\u00e9 de s\u00e9curit\u00e9 dans votre Outlook. Vous pouvez maintenant nous aider \u00e0 mieux prot\u00e9ger l\u2019organisation en signalant les messages ind\u00e9sirables qui sont pass\u00e9s \u00e0 travers les mailles du filet. Comment signaler un message&nbsp; Si vous s\u00e9lectionnez le bouton Message de rapport sur [&hellip;]<\/p>\n","protected":false},"author":1,"featured_media":0,"parent":0,"menu_order":0,"comment_status":"closed","ping_status":"closed","template":"templates\/template-full-width.php","meta":{"footnotes":""},"class_list":["post-555","page","type-page","status-publish","hentry"],"_links":{"self":[{"href":"https:\/\/support.merici.ca\/index.php?rest_route=\/wp\/v2\/pages\/555","targetHints":{"allow":["GET"]}}],"collection":[{"href":"https:\/\/support.merici.ca\/index.php?rest_route=\/wp\/v2\/pages"}],"about":[{"href":"https:\/\/support.merici.ca\/index.php?rest_route=\/wp\/v2\/types\/page"}],"author":[{"embeddable":true,"href":"https:\/\/support.merici.ca\/index.php?rest_route=\/wp\/v2\/users\/1"}],"replies":[{"embeddable":true,"href":"https:\/\/support.merici.ca\/index.php?rest_route=%2Fwp%2Fv2%2Fcomments&post=555"}],"version-history":[{"count":25,"href":"https:\/\/support.merici.ca\/index.php?rest_route=\/wp\/v2\/pages\/555\/revisions"}],"predecessor-version":[{"id":595,"href":"https:\/\/support.merici.ca\/index.php?rest_route=\/wp\/v2\/pages\/555\/revisions\/595"}],"wp:attachment":[{"href":"https:\/\/support.merici.ca\/index.php?rest_route=%2Fwp%2Fv2%2Fmedia&parent=555"}],"curies":[{"name":"wp","href":"https:\/\/api.w.org\/{rel}","templated":true}]}}