{"id":314,"date":"2020-11-18T14:07:53","date_gmt":"2020-11-18T19:07:53","guid":{"rendered":"https:\/\/merici-support-bbh9hxd2a5c5g8c9.canadacentral-01.azurewebsites.net\/?page_id=314"},"modified":"2020-11-18T14:07:53","modified_gmt":"2020-11-18T19:07:53","slug":"boite-vocale","status":"publish","type":"page","link":"https:\/\/support.merici.ca\/?page_id=314","title":{"rendered":"Bo\u00eete vocale"},"content":{"rendered":"\n<h2 class=\"wp-block-heading\">Comment acc\u00e9der \u00e0 sa bo\u00eete vocale \u00e0 distance ?<\/h2>\n\n\n\n<ol class=\"wp-block-list\"><li>Composez le num\u00e9ro de Coll\u00e8ge M\u00e9rici (418-683-1591).<\/li><li>Lorsque vous tombez sur le message d\u2019accueil, composez<strong> *98<\/strong>.<\/li><li>Composez ensuite votre <strong>num\u00e9ro de bo\u00eete vocale<\/strong>.<\/li><li>Composez votre mot de passe (si c\u2019est votre premi\u00e8re utilisation, le mot de passe est le num\u00e9ro de votre bo\u00eete vocale).<\/li><\/ol>\n\n\n\n<h2 class=\"wp-block-heading\">Comment enregistrer le message de non-disponibilit\u00e9?<\/h2>\n\n\n\n<ol class=\"wp-block-list\" id=\"block-0377449c-b81c-4a44-8161-4504937ee78a\"><li>Appuyez sur 0 pour aller dans les options de la bo\u00eete vocale.<\/li><li>Appuyer sur 1 et suivez les indications.<br>Comment enregistrer le message occup\u00e9 ?<br>Une fois que vous avez acc\u00e9d\u00e9 \u00e0 votre bo\u00eete vocale, voici les \u00e9tapes \u00e0 suivre :<\/li><li>Appuyez sur 0 pour aller dans les options de la bo\u00eete vocale.<\/li><li>Appuyer sur 2 et suivez les indications.<br><br><\/li><\/ol>\n\n\n\n<h2 class=\"wp-block-heading\">Comment enregistrer mon nom?<\/h2>\n\n\n\n<ol class=\"wp-block-list\" id=\"block-bd0b7885-3b6b-4cfc-83e0-043e289719a4\"><li>Appuyez sur 0 pour aller dans les options de la bo\u00eete vocale.<\/li><li>Appuyer sur 3 et suivez les indications.<br>Comment enregistrer le message temporaire ?<br>Une fois que vous avez acc\u00e9d\u00e9 \u00e0 votre bo\u00eete vocale, voici les \u00e9tapes \u00e0 suivre :<\/li><li>Appuyez sur 0 pour aller dans les options de la bo\u00eete vocale.<\/li><li>Appuyer sur 4 et suivez les indications.<br><\/li><\/ol>\n\n\n\n<h2 class=\"wp-block-heading\">Comment changer mon mot de passe?<\/h2>\n\n\n\n<ol class=\"wp-block-list\" id=\"block-b27a4667-b1fe-4e75-8494-407a9224ba31\"><li>Appuyez sur 0 pour aller dans les options de la bo\u00eete vocale.<\/li><li>Appuyer sur 5 et suivez les indications.<\/li><\/ol>\n","protected":false},"excerpt":{"rendered":"<p>Comment acc\u00e9der \u00e0 sa bo\u00eete vocale \u00e0 distance ? Composez le num\u00e9ro de Coll\u00e8ge M\u00e9rici (418-683-1591). Lorsque vous tombez sur le message d\u2019accueil, composez *98. Composez ensuite votre num\u00e9ro de bo\u00eete vocale. Composez votre mot de passe (si c\u2019est votre premi\u00e8re utilisation, le mot de passe est le num\u00e9ro de votre bo\u00eete vocale). Comment enregistrer [&hellip;]<\/p>\n","protected":false},"author":1,"featured_media":0,"parent":0,"menu_order":0,"comment_status":"closed","ping_status":"closed","template":"","meta":{"footnotes":""},"class_list":["post-314","page","type-page","status-publish","hentry"],"_links":{"self":[{"href":"https:\/\/support.merici.ca\/index.php?rest_route=\/wp\/v2\/pages\/314","targetHints":{"allow":["GET"]}}],"collection":[{"href":"https:\/\/support.merici.ca\/index.php?rest_route=\/wp\/v2\/pages"}],"about":[{"href":"https:\/\/support.merici.ca\/index.php?rest_route=\/wp\/v2\/types\/page"}],"author":[{"embeddable":true,"href":"https:\/\/support.merici.ca\/index.php?rest_route=\/wp\/v2\/users\/1"}],"replies":[{"embeddable":true,"href":"https:\/\/support.merici.ca\/index.php?rest_route=%2Fwp%2Fv2%2Fcomments&post=314"}],"version-history":[{"count":1,"href":"https:\/\/support.merici.ca\/index.php?rest_route=\/wp\/v2\/pages\/314\/revisions"}],"predecessor-version":[{"id":315,"href":"https:\/\/support.merici.ca\/index.php?rest_route=\/wp\/v2\/pages\/314\/revisions\/315"}],"wp:attachment":[{"href":"https:\/\/support.merici.ca\/index.php?rest_route=%2Fwp%2Fv2%2Fmedia&parent=314"}],"curies":[{"name":"wp","href":"https:\/\/api.w.org\/{rel}","templated":true}]}}